
10
9 + 0 - (2 + 2) - (-36 - (29 - -2))
72
What is -30 - -27 - (12 + (-13 - -14))?
-16
Calculate 47 + 21 + -16 + 69.
121
What is the value of 26 - (47 - 65) - (-3 + (1 + -1 - -7))?
40
Calculate -10 - (-6 - (-10 + 10 - 3)) - -14.
7
Evaluate 8 + -21 + -36 + 29 - -15.
-5
What is 5 + 2 - -11 - (131 + -142)?
29
Calculate (2 - (-1 + 11 + 0 + -23)) + 11 + -143.
-117
What is the value of -13 + (23 - -3) + (-6 - 18)?
-11
Evaluate (8 + 11 - -6 - (216 - 180)) + (0 - -72).
61
What is the value of -25 - (-63 + 50) - -68?
56
57 + 101 + (-16 - 25)
117
Calculate 31 + -2 + 13 + 2 + (-10 - (5 + 5)).
24
What is the value of (-5 - -32) + -57 + -19?
-49
What is -101 - (-197 + 104 - -52)?
-60
Calculate 58 + (-42 - (-2 + -30)).
48
44 - (-40 - (-11 - 45))
28
93 + -183 + -52 + 16
-126
Evaluate -3251 - -3309 - (0 - 15).
73
What is -1 + -48 - (-207 + (84 - -162))?
-88
What is the value of -137 + 32 - -42 - (-14 + 0)?
-49
-93 + -6 - ((-1 - (-11 + -2)) + 1678 + -1687)
-102
What is the value of -25 - (-28 + -7 + -29)?
39
Evaluate -45 + (0 - (2 + 0)) - (-685 - -700).
-62
What is 55 + -134 + -64 + -9?
-152
Evaluate 1989 + -1796 - (136 + -3).
60
Calculate (-71 - (-77 - -5)) + -37.
-36
What is -7 + (16 - (-18 + (38 - 28)))?
17
What is -1 + 39 - (-1577 + 1568)?
47
Evaluate 10 + 6 + -4 + (-40 - -16) + 103 + -4.
87
(48 - 1) + (-102 - -72) + -17
0
What is 115 + (10 + -3 - (23 + -12 + 5))?
106
Calculate -9 + (153 - 105) + (-1 + -1 - -22).
59
Evaluate -25 - (6 - ((-7 - -19) + -1 - 3)).
-23
Calculate -37 + -2 + (2385 - 2326).
20
32 - 97 - -53 - -94
82
Evaluate (6 - 0) + (197 - 273) + (1 - (-5 - -2)).
-66
What is 0 + 14 - (-77 - (-27 + 5 + 15))?
84
(36 - (71 - (21 - -9))) + 96
91
Evaluate 103 + -49 + -5 + -3.
46
Calculate (30 - 59) + 43 - -60 - 28.
46
What is 31 + 6 + -84 - 23 - -27?
-43
(59 + -78 - -34) + 26
41
-37 - -30 - ((-3 + -1 - (-122 + 47)) + -10)
-68
What is 93 + (63 - (-59 + 163))?
52
What is 4 - 1 - (1 + -118) - ((71 - -66) + -122)?
105
Evaluate 9 + 0 - (55 - ((21 - 35) + 3 + 20)).
-37
Evaluate 8845 + -8777 - (-2 - (0 + -5)).
65
Evaluate 4 + (19 - 3) + -4 - (111 - 163).
68
6 - -24 - ((-37 - -6) + -3)
64
-3 + (-4 - 4) + (90 + -11 - -18)
86
Evaluate (-5 - (3 - 19 - -5) - 12) + -52.
-58
Evaluate -66 + 96 + 10 + 1 + 13 + 3.
57
19 + 10 + (3 - 16) + -11 + 11
16
Calculate -48 - (-1 - -19) - (-54 - -27).
-39
Evaluate (53 - (-32 - -43 - -13)) + -12.
17
What is -35 + (5 - (-3 + 2) - (41 - (-34 + 68)))?
-36
What is 12 - (4 - 4) - (-24 + (3 - 1))?
34
What is (-189 - -284) + (2 - 19) + -4 + 0 + 0?
74
What is -19 + 6 + -18 + -37 + 32?
-36
What is 57 + (-4 - (3 - 16) - (-47 - -58))?
55
Calculate -11 + 35 + -5 - (7 + -28).
40
7 + -1 - (-22 - (3 + -4 + -9) - 4)
22
Calculate -75 + 30 + 168 + -79.
44
13 + 0 + (75 - 88) + (31 - (-12 - -16))
27
What is the value of -5 - 95 - (-840 + 746)?
-6
What is 46 - 57 - (-1 + (5 - (5 - 6)))?
-16
What is -1 + -8 + (-13 - (-2 + 6))?
-26
-14 + 1 - (-444 - -475)
-44
Evaluate -62 + (-54 - -121) + -16.
-11
What is the value of -17 - (-32 + 10 - -37 - (3 + 39))?
10
Evaluate (36 - 6) + (-18 - 14).
-2
-30 + (1 - (18 + -47)) + (-12 - 3)
-15
What is the value of 8 - (-46 + 61 + -27)?
20
Calculate (-245 - (-470 + 136)) + 2 + -21 + -2.
68
What is (8 + -11 + 16 - ((-3 - 12) + 8)) + -12?
8
What is 8095 + -8120 + (0 - (2 - 10))?
-17
What is the value of 10 + (-24 - -9) - (-90 + 103 + -9 + 3)?
-12
(1 + -8 - -1) + (-10 - -28)
12
Evaluate (11 - (-2 - (-3 + 4) - -6)) + (-446 - -453).
15
What is (590 - 602) + (3 - -34 - -5)?
30
Evaluate 24 - (-50 - (-6 + -53)).
15
What is the value of 37 - (12 - 22 - -15 - (-5 - 3))?
24
Calculate (29 - (44 - 0)) + -14.
-29
Calculate 108 - (-50 - 92 - -303).
-53
Evaluate 7 - ((-20 + 51 - 15) + (3 - -3 - 6)).
-9
Evaluate 32 + (29 - 128 - (58 + -39)).
-86
Evaluate 1833 - 1821 - (-1 - 30) - 18.
25
Evaluate 1 - (-28 + 22) - (10 + (-2 - 7)).
6
What is 8 + 39 - 46 - 44?
-43
Calculate 12 + -56 + ((-6 - -14) + -11 - 9).
-56
Calculate -65 + (43 - 45) - -111.
44
Evaluate 20 + -44 - -31 - (52 - (1 - 2)).
-46
What is the value of 68 + -80 + 44 + -92?
-60
What is the value of -3 + (37 - 21) - (34 - 109)?
88
Evaluate -69 - (1 + 6 - (935 + -908)).
-49
What is the value of 2 + 8 - ((53 + -25 - -5) + -77)?
54
23 - (-10 - (17 + 8 - 10))
48
What is the value of 2 + -14 - (-5 + 17 + -26) - 15?
-13
Calculate 307 + -270 + -66 + -9.
-38
What is -19 - (-46 - 2 - (-27 + 19)) - -80?
101
Calculate (0 - 1 - 2 - -2) + (1 - -4).
4
Calculate -104 + 30 + -23 + 61.
-36
What is (-14 - -23 - (-4 + -4)) + 13?
30
What is (26 - 4 - 4) + (763 - 830)?
-49
Calculate (23 + -7 + -46 - -48) + -70.
-52
What is -35 + 36 + 29 - 32 - -34?
32
18 + 27 + -47 + -28
-30
57 - ((2 - 19) + (-114 - -104) - -16)
68
-11 - (52 - 27) - (-139 - -35)
68
Evaluate (8 - (-19 + (54 - (18 + 0)))) + 99.
90
What is the value of -80 - 14 - (520 - 744)?
130
What is the value of -25 - ((-1 - 19) + -1 - -18)?
-22
What is the value of 18 - (28 + (16 - 110))?
84
-114 + 115 - (-14 - -8)
7
-318 + 422 - ((-31 - -2) + 0)
133
What is -33 + (28 - -1 - 18) + -27?
-49
What is (24 - (-13 - -17 - -20 - 5)) + -44 + 0?
-39
-9 + 160 + -56 + -18
77
What is the value of -18 - -11 - (-58 + 51 + (14 - (2 + 1)))?
-11
What is -24 + (-2 - -13) + (-4 - 2)?
-19
Calculate -9 + (18 - 17) - -16 - (0 - 21).
29
What is 9 + (-59 - -21) + 19 - -31?
21
What is the value of (4 - 2) + 0 - ((2 - -4) + -2) - 29?
-31
(38 - (-1 - -24)) + 4 + -5 - -5
19
8 - (28 - 41) - (-2 + 16)
7
What is 1 + -29 - (16543 + -16506)?
-65
Calculate -60 - -52 - 42 - (1 - (-13 + -5)).
-69
(84 - 120) + -34 + 22
-48
-180 + 212 - (26 - (-12 + 0))
-6
What is -79 + -131 + 96 + 133?
19
What is the value of -22 + (-41 - -20) + 1 + 5?
-37
5 - -5 - (-15 + -53 + 168)
-90
Calculate (-97 + 99 - (3 - -63)) + 5.
-59
Evaluate -14 - (30 + (-4 - 11) + 1).
-30
What is 6 + 4 + 410 + -470?
-50
What is 5 + -2 - (17 - (4 + 5 + -13 - -12))?
-6
What is (-19 - -28 - (-1 + 16 + 4 + -8)) + -43?
-45
What is the value of -2 - (11 - (22 - 15)) - (-101 + (9 - 5))?
91
What is -52 - -26 - -23 - (21 - -6)?
-30
Calculate 0 - (5 + 8) - (-140 - (-26 + -31)).
70
-118 + -3 + (-17 - -81) + -44
-101
Evaluate -12 - (69 - 72) - (-3 + -28).
22
What is (-3 + 11 + 1 + -1 - 0) + (-100 - -19)?
-73
What is (-15 - 6) + (19 - -36) + -16?
18
Calculate (-6 - -11) + 44 - (6 - (1 + -2)).
42
Evaluate (-26 - 3) + 4 - (315 + -290).
-50
What is the value of 15 - (-26 + 28) - ((-15 - 4) + 48)?
-16
What is -24 - (24 + -23) - 16 - (0 - (2 - -1))?
-38
What is the value of 60 + (-27 - -23) + 32?
88
What is the value of (38 - 29) + 79 + 26 + (2 + -3 - 7)?
106
What is the value of 73 + 133 + -122 + -16 + -2 + -10?
56
What is the value of -19 + 1 - (-43 + 11) - (1 + 3)?
10
What is -3 + (-238 - -326) + (-4 + 0 - -1 - -3)?
85
Evaluate -49 + (113 - 61) + -6.
-3
Calculate 16 + 15 + -26 + -57 + 11.
-41
What is the value of 10 + (-47 - -69) + 13 + -11?
34
What is 29 + (-74 - -161) + -85?
31
-154 + 16 + 122 + -43
-59
What is the value of 80 - -51 - 60 - 57?
14
What is the value of (16 - (6 + -7 + 9 + -12)) + -2?
18
-134 + 193 - (99 + 2)
-42
What is 1 - -8 - (-50 - (-13 + 18) - 16)?
80
What is -47 + (24 - 1) - -33?
9
Calculate (732 - 745) + (1 - -70) + (-2 + -8 - -2).
50
Evaluate -22 - (49 + (14 - 53)).
-32
What is -19 + 154 + -280 + 57?
-88
Evaluate -8 - ((0 - -9 - 6) + (1 - 29)).
17
What is 34 - ((28 - -11) + -30 + -14)?
39
What is the value of 36 + 3 + -64 + -11?
-36
Calculate (-8 + -6 - (-60 - -58)) + (2 - 1) - -76.
65
Calculate ((34 - -11) + -17 - 33) + 75.
70
What is 46 + 46 + -23 - 31?
38
Calculate (9 - -1) + 8 + -50 + 55.
23
(-3 - (28 + -14)) + (1 - 22)
-38
28 + 34 + (-26 - 24)
12
What is -2 - (-29 + 92 + -37)?
-28
Calculate 33 + (66 - (-70 - -223)).
-54
Evaluate -25 + (-47 - (100 - 106)).
-66
Evaluate 33 + -31 + -3 - ((-7 - -10) + 10 + 0).
-14
Calculate 8 + 101 + -120 - -13.
2
-80 + -64 + (-38 - -139)
-43
Evaluate 74 + (133 - 219) - (1 + (-2 - 68 - -3)).
54
(-88 - -89) + 0 + -15 + -1 - (-58 - 7)
50
What is -64 - (-14 + (-1 - -3) + (290 - 292))?
-50
What is 7 + -1 - (16 + 11 + -27 - 30)?
36
-5 + 3 - 13 - (-28 - -37)
-24
Evaluate -5 - ((-3 - -10 - 6 - 19) + 2).
11
Calculate (-1 + -10 - (-146 - -151)) + (42 - 17).
9
What is the value of -345 + 373 - (-24 - -5 - -1)?
46
What is 92 + (-11 - ((7 - 15) + 17 + 0))?
72
-29 + (24 - (-18 + -8))
